{"id":101067,"date":"2021-08-27T16:17:13","date_gmt":"2021-08-27T14:17:13","guid":{"rendered":"https:\/\/undsgn.com\/uncode\/?page_id=101067"},"modified":"2021-08-27T16:17:13","modified_gmt":"2021-08-27T14:17:13","slug":"blog-titles","status":"publish","type":"page","link":"https:\/\/www.regnbue.com.tr\/index.php\/blog\/blog-titles\/","title":{"rendered":"Blog Titles"},"content":{"rendered":"<div data-parent=\"true\" class=\"vc_row style-color-xsdn-bg row-container\" id=\"row-unique-0\"><div class=\"row exa-top-padding exa-bottom-padding single-h-padding limit-width row-parent\"><div class=\"wpb_row row-inner\"><div class=\"wpb_column pos-top pos-center align_left column_parent col-lg-12 single-internal-gutter\"><div class=\"uncol style-light font-136269\"  ><div class=\"uncoltable\"><div class=\"uncell\" ><div class=\"uncont no-block-padding col-custom-width\" style=\"max-width:1104px;\"><div class=\"uncode-post-titles drop-anchor-middle-left drop-hover-opacity-inverted drop-mobile-gap-reduced uncode-skew\" data-timing=\"0\">\n\t\t\t\t\t<div class=\"double-gutter post-titles-inner titles-display-block\">\t\t\t\t\t\t\t\t\t<div class=\"tmb tmb-title tmb-iso-w4 tmb-iso-h4 tmb-light tmb-overlay-text-anim tmb-overlay-anim tmb-image-anim tmb-bordered  grid-cat-1 tmb-id-118213 tmb-img-ratio tmb-content-under tmb-media-first tmb-no-bg\" data-drop-target=\"drop-154565\"><a href=\"https:\/\/www.regnbue.com.tr\/index.php\/2023\/03\/01\/profesyonel-site-yonetimi-nedir-nasil-olur\/\" class=\"drop-hover-link\" target=\"_self\"><\/a><div class=\"t-inside\" ><div class=\"t-entry-drop drop-move\" data-w=\"4\" data-drop=\"drop-154565\"><img decoding=\"async\" class=\"wp-image-118214\" src=\"https:\/\/www.regnbue.com.tr\/wp-content\/uploads\/2023\/01\/Adsiz-tasarim-2-1-uai-1080x810.png\" width=\"1080\" height=\"810\" alt=\"\" \/><\/div><\/a><div class=\"t-entry-text\">\n\t\t\t\t\t\t\t\t\t<div class=\"t-entry-text-tc single-block-padding\"><div class=\"t-entry\"><h3 class=\"t-entry-title font-377884 fontsize-338686 font-weight-300 fontheight-357766 fontspace-111509 title-scale\"><a href=\"https:\/\/www.regnbue.com.tr\/index.php\/2023\/03\/01\/profesyonel-site-yonetimi-nedir-nasil-olur\/\" target=\"_self\"><span class=\"drop-image-extra fontspace-111509 drop-extra-size-50 drop-extra-pos-left-top\"><span class=\"tmb-date-wrap\">1 Mart 2023<\/span><span class=\"tmb-date-author-separator\"><\/span><span class=\"tmb-username-wrap\"><span class=\"tmb-username-text\">by mubin1156<\/span><\/span><\/span>Profesyonel Site Y\u00f6netimi Nedir? Nas\u0131l olur?<\/a><\/h3><\/div><\/div>\n\t\t\t\t\t\t\t<\/div><\/div><\/div><div class=\"tmb tmb-title tmb-iso-w4 tmb-iso-h4 tmb-light tmb-overlay-text-anim tmb-overlay-anim tmb-image-anim tmb-bordered  grid-cat-1 tmb-id-118221 tmb-img-ratio tmb-content-under tmb-media-first tmb-no-bg\" data-drop-target=\"drop-444286\"><a href=\"https:\/\/www.regnbue.com.tr\/index.php\/2023\/01\/12\/profesyonel-site-yonetimine-nasil-gecilir\/\" class=\"drop-hover-link\" target=\"_self\"><\/a><div class=\"t-inside\" ><div class=\"t-entry-drop drop-move\" data-w=\"4\" data-drop=\"drop-444286\"><img decoding=\"async\" class=\"wp-image-118222\" src=\"https:\/\/www.regnbue.com.tr\/wp-content\/uploads\/2023\/01\/Adsiz-tasarim-4-uai-1080x810.png\" width=\"1080\" height=\"810\" alt=\"\" \/><\/div><\/a><div class=\"t-entry-text\">\n\t\t\t\t\t\t\t\t\t<div class=\"t-entry-text-tc single-block-padding\"><div class=\"t-entry\"><h3 class=\"t-entry-title font-377884 fontsize-338686 font-weight-300 fontheight-357766 fontspace-111509 title-scale\"><a href=\"https:\/\/www.regnbue.com.tr\/index.php\/2023\/01\/12\/profesyonel-site-yonetimine-nasil-gecilir\/\" target=\"_self\"><span class=\"drop-image-extra fontspace-111509 drop-extra-size-50 drop-extra-pos-left-top\"><span class=\"tmb-date-wrap\">12 Ocak 2023<\/span><span class=\"tmb-date-author-separator\"><\/span><span class=\"tmb-username-wrap\"><span class=\"tmb-username-text\">by mubin1156<\/span><\/span><\/span>Profesyonel site y\u00f6netimine nas\u0131l ge\u00e7ilir?<\/a><\/h3><\/div><\/div>\n\t\t\t\t\t\t\t<\/div><\/div><\/div><div class=\"tmb tmb-title tmb-iso-w4 tmb-iso-h4 tmb-light tmb-overlay-text-anim tmb-overlay-anim tmb-image-anim tmb-bordered  grid-cat-1 tmb-id-118217 tmb-img-ratio tmb-content-under tmb-media-first tmb-no-bg\" data-drop-target=\"drop-336718\"><a href=\"https:\/\/www.regnbue.com.tr\/index.php\/2023\/01\/12\/profesyonel-yonetim-nedir\/\" class=\"drop-hover-link\" target=\"_self\"><\/a><div class=\"t-inside\" ><div class=\"t-entry-drop drop-move\" data-w=\"4\" data-drop=\"drop-336718\"><img decoding=\"async\" class=\"wp-image-118218\" src=\"https:\/\/www.regnbue.com.tr\/wp-content\/uploads\/2023\/01\/Adsiz-tasarim-3-uai-1080x810.png\" width=\"1080\" height=\"810\" alt=\"\" \/><\/div><\/a><div class=\"t-entry-text\">\n\t\t\t\t\t\t\t\t\t<div class=\"t-entry-text-tc single-block-padding\"><div class=\"t-entry\"><h3 class=\"t-entry-title font-377884 fontsize-338686 font-weight-300 fontheight-357766 fontspace-111509 title-scale\"><a href=\"https:\/\/www.regnbue.com.tr\/index.php\/2023\/01\/12\/profesyonel-yonetim-nedir\/\" target=\"_self\"><span class=\"drop-image-extra fontspace-111509 drop-extra-size-50 drop-extra-pos-left-top\"><span class=\"tmb-date-wrap\">12 Ocak 2023<\/span><span class=\"tmb-date-author-separator\"><\/span><span class=\"tmb-username-wrap\"><span class=\"tmb-username-text\">by mubin1156<\/span><\/span><\/span>Mevzuat<\/a><\/h3><\/div><\/div>\n\t\t\t\t\t\t\t<\/div><\/div><\/div><div class=\"tmb tmb-title tmb-iso-w4 tmb-iso-h4 tmb-light tmb-overlay-text-anim tmb-overlay-anim tmb-image-anim tmb-bordered  grid-cat-1 tmb-id-118568 tmb-img-ratio tmb-content-under tmb-media-first tmb-no-bg\" data-drop-target=\"drop-106774\"><a href=\"https:\/\/www.regnbue.com.tr\/index.php\/2021\/05\/18\/kvkk\/\" class=\"drop-hover-link\" target=\"_self\"><\/a><div class=\"t-inside\" ><div class=\"t-entry-drop drop-move\" data-w=\"4\" data-drop=\"drop-106774\"><img decoding=\"async\" class=\"wp-image-118569\" src=\"https:\/\/www.regnbue.com.tr\/wp-content\/uploads\/2023\/05\/Adsiz-tasarim-uai-1080x810.png\" width=\"1080\" height=\"810\" alt=\"\" \/><\/div><\/a><div class=\"t-entry-text\">\n\t\t\t\t\t\t\t\t\t<div class=\"t-entry-text-tc single-block-padding\"><div class=\"t-entry\"><h3 class=\"t-entry-title font-377884 fontsize-338686 font-weight-300 fontheight-357766 fontspace-111509 title-scale\"><a href=\"https:\/\/www.regnbue.com.tr\/index.php\/2021\/05\/18\/kvkk\/\" target=\"_self\"><span class=\"drop-image-extra fontspace-111509 drop-extra-size-50 drop-extra-pos-left-top\"><span class=\"tmb-date-wrap\">18 May\u0131s 2021<\/span><span class=\"tmb-date-author-separator\"><\/span><span class=\"tmb-username-wrap\"><span class=\"tmb-username-text\">by mubin1156<\/span><\/span><\/span>KVKK<\/a><\/h3><\/div><\/div>\n\t\t\t\t\t\t\t<\/div><\/div><\/div>\t\t\n\t\n\n\t<\/div>\t\t\t<\/div>\n<\/div><\/div><\/div><\/div><\/div><script id=\"script-row-unique-0\" data-row=\"script-row-unique-0\" type=\"text\/javascript\" class=\"vc_controls\">UNCODE.initRow(document.getElementById(\"row-unique-0\"));<\/script><\/div><\/div><\/div>\n","protected":false},"excerpt":{"rendered":"K\u0130\u015e\u0130SEL VER\u0130LER\u0130N KORUNMASI KANUNU Kanun Numaras\u0131 : 6698 Kabul Tarihi : 24\/3\/2016 Yay\u0131mland\u0131\u011f\u0131 Resm\u00ee Gazete : Tarih : 7\/4\/2016 Say\u0131 [...]","protected":false},"author":1,"featured_media":0,"parent":36645,"menu_order":0,"comment_status":"closed","ping_status":"closed","template":"","meta":{"footnotes":""},"class_list":["post-101067","page","type-page","status-publish","hentry"],"_links":{"self":[{"href":"https:\/\/www.regnbue.com.tr\/index.php\/wp-json\/wp\/v2\/pages\/101067","targetHints":{"allow":["GET"]}}],"collection":[{"href":"https:\/\/www.regnbue.com.tr\/index.php\/wp-json\/wp\/v2\/pages"}],"about":[{"href":"https:\/\/www.regnbue.com.tr\/index.php\/wp-json\/wp\/v2\/types\/page"}],"author":[{"embeddable":true,"href":"https:\/\/www.regnbue.com.tr\/index.php\/wp-json\/wp\/v2\/users\/1"}],"replies":[{"embeddable":true,"href":"https:\/\/www.regnbue.com.tr\/index.php\/wp-json\/wp\/v2\/comments?post=101067"}],"version-history":[{"count":0,"href":"https:\/\/www.regnbue.com.tr\/index.php\/wp-json\/wp\/v2\/pages\/101067\/revisions"}],"up":[{"embeddable":true,"href":"https:\/\/www.regnbue.com.tr\/index.php\/wp-json\/wp\/v2\/pages\/36645"}],"wp:attachment":[{"href":"https:\/\/www.regnbue.com.tr\/index.php\/wp-json\/wp\/v2\/media?parent=101067"}],"curies":[{"name":"wp","href":"https:\/\/api.w.org\/{rel}","templated":true}]}}