{"id":101297,"date":"2021-08-31T11:14:49","date_gmt":"2021-08-31T09:14:49","guid":{"rendered":"https:\/\/undsgn.com\/uncode\/?page_id=101297"},"modified":"2021-08-31T11:14:49","modified_gmt":"2021-08-31T09:14:49","slug":"blog-table","status":"publish","type":"page","link":"https:\/\/www.regnbue.com.tr\/index.php\/blog\/blog-table\/","title":{"rendered":"Blog Table"},"content":{"rendered":"<div data-parent=\"true\" class=\"vc_row row-container\" id=\"row-unique-0\"><div class=\"row quad-top-padding quad-bottom-padding exa-h-padding full-width row-parent\"><div class=\"wpb_row row-inner\"><div class=\"wpb_column pos-top pos-center align_left column_parent col-lg-12 quad-internal-gutter\"><div class=\"uncol style-light\"  ><div class=\"uncoltable\"><div class=\"uncell no-block-padding\" ><div class=\"uncont\"><div class=\"uncode-post-table single-gutter uncode-post-table-valign-middle tablet-stacked mobile-stacked uncode-post-table-hover uncode-post-table-hover-opacity\" >\n\t\t\t\t\t\t\t\t\t\t\t\t\t\t<div class=\"tmb tmb-table tmb-table-border tmb-table-border-below tmb-table-border-both tmb-click-row atc-typography-inherit tmb-iso-w4 tmb-iso-h4 tmb-light tmb-overlay-text-anim tmb-content-left tmb-content-last-right tmb-image-anim-magnetic  grid-cat-1 tmb-id-118213 tmb-table-double-h-padding tmb-img-ratio tmb-content-under tmb-media-first tmb-no-bg\" ><a href=\"https:\/\/www.regnbue.com.tr\/index.php\/2023\/03\/01\/profesyonel-site-yonetimi-nedir-nasil-olur\/\" class=\"table-click-row\" target=\"_self\"><\/a><div class=\"t-inside animate_when_almost_visible alpha-anim\" data-speed=\"1000\"><div class=\"t-inside-post-table t-entry-text\"><div class=\"uncode-post-table-column post-table-column-1 t-entry t-col-five col-lg-1\"><div class=\"t-entry-visual\"><div class=\"t-entry-visual-tc\"><div class=\"t-entry-visual-cont\"><div class=\"dummy\" style=\"padding-top: 66.7%;\"><\/div><a tabindex=\"-1\" href=\"https:\/\/www.regnbue.com.tr\/index.php\/2023\/03\/01\/profesyonel-site-yonetimi-nedir-nasil-olur\/\" class=\"pushed\" target=\"_self\" data-lb-index=\"0\"><div class=\"t-entry-visual-overlay\"><div class=\"t-entry-visual-overlay-in style-dark-bg\" style=\"opacity: 0.5;\"><\/div><\/div><img decoding=\"async\" class=\"wp-image-118214\" src=\"https:\/\/www.regnbue.com.tr\/wp-content\/uploads\/2023\/01\/Adsiz-tasarim-2-1-uai-1080x720.png\" width=\"1080\" height=\"720\" alt=\"\" \/><\/a><\/div>\n\t\t\t\t\t<\/div>\n\t\t\t\t<\/div><\/div><div class=\"uncode-post-table-column post-table-column-2 t-entry t-col-one col-lg-5\"><h3 class=\"t-entry-title font-175345 h5 font-weight-400 title-scale\"><a href=\"https:\/\/www.regnbue.com.tr\/index.php\/2023\/03\/01\/profesyonel-site-yonetimi-nedir-nasil-olur\/\" target=\"_self\">Profesyonel Site Y\u00f6netimi Nedir? Nas\u0131l olur?<\/a><\/h3><\/div><div class=\"uncode-post-table-column post-table-column-3 t-entry t-col-two col-lg-2\"><p class=\"font-175345 h5 font-weight-400 title-scale t-entry-table-typography \">1 Mart 2023<\/p><\/div><div class=\"uncode-post-table-column post-table-column-4 t-entry t-col-three col-lg-2\"><p class=\"font-175345 h5 font-weight-400 title-scale t-entry-table-typography \"><span class=\"t-entry-table-category t-entry-tax\"><a class=\"\" href=\"https:\/\/www.regnbue.com.tr\/index.php\/category\/genel\/\">Genel<\/a><\/span><\/p><\/div><div class=\"uncode-post-table-column post-table-column-5 t-entry t-col-four col-lg-2\"><p class=\"font-175345 h5 font-weight-400 title-scale t-entry-table-typography \"><a href=\"https:\/\/www.regnbue.com.tr\/index.php\/2023\/03\/01\/profesyonel-site-yonetimi-nedir-nasil-olur\/\" target=\"_self\">Read More<\/a><\/p><\/div><\/div><\/div><\/div><div class=\"tmb tmb-table tmb-table-border tmb-table-border-below tmb-table-border-both tmb-click-row atc-typography-inherit tmb-iso-w4 tmb-iso-h4 tmb-light tmb-overlay-text-anim tmb-content-left tmb-content-last-right tmb-image-anim-magnetic  grid-cat-1 tmb-id-118221 tmb-table-double-h-padding tmb-img-ratio tmb-content-under tmb-media-first tmb-no-bg\" ><a href=\"https:\/\/www.regnbue.com.tr\/index.php\/2023\/01\/12\/profesyonel-site-yonetimine-nasil-gecilir\/\" class=\"table-click-row\" target=\"_self\"><\/a><div class=\"t-inside animate_when_almost_visible alpha-anim\" data-speed=\"1000\"><div class=\"t-inside-post-table t-entry-text\"><div class=\"uncode-post-table-column post-table-column-1 t-entry t-col-five col-lg-1\"><div class=\"t-entry-visual\"><div class=\"t-entry-visual-tc\"><div class=\"t-entry-visual-cont\"><div class=\"dummy\" style=\"padding-top: 66.7%;\"><\/div><a tabindex=\"-1\" href=\"https:\/\/www.regnbue.com.tr\/index.php\/2023\/01\/12\/profesyonel-site-yonetimine-nasil-gecilir\/\" class=\"pushed\" target=\"_self\" data-lb-index=\"1\"><div class=\"t-entry-visual-overlay\"><div class=\"t-entry-visual-overlay-in style-dark-bg\" style=\"opacity: 0.5;\"><\/div><\/div><img decoding=\"async\" class=\"wp-image-118222\" src=\"https:\/\/www.regnbue.com.tr\/wp-content\/uploads\/2023\/01\/Adsiz-tasarim-4-uai-1080x720.png\" width=\"1080\" height=\"720\" alt=\"\" \/><\/a><\/div>\n\t\t\t\t\t<\/div>\n\t\t\t\t<\/div><\/div><div class=\"uncode-post-table-column post-table-column-2 t-entry t-col-one col-lg-5\"><h3 class=\"t-entry-title font-175345 h5 font-weight-400 title-scale\"><a href=\"https:\/\/www.regnbue.com.tr\/index.php\/2023\/01\/12\/profesyonel-site-yonetimine-nasil-gecilir\/\" target=\"_self\">Profesyonel site y\u00f6netimine nas\u0131l ge\u00e7ilir?<\/a><\/h3><\/div><div class=\"uncode-post-table-column post-table-column-3 t-entry t-col-two col-lg-2\"><p class=\"font-175345 h5 font-weight-400 title-scale t-entry-table-typography \">12 Ocak 2023<\/p><\/div><div class=\"uncode-post-table-column post-table-column-4 t-entry t-col-three col-lg-2\"><p class=\"font-175345 h5 font-weight-400 title-scale t-entry-table-typography \"><span class=\"t-entry-table-category t-entry-tax\"><a class=\"\" href=\"https:\/\/www.regnbue.com.tr\/index.php\/category\/genel\/\">Genel<\/a><\/span><\/p><\/div><div class=\"uncode-post-table-column post-table-column-5 t-entry t-col-four col-lg-2\"><p class=\"font-175345 h5 font-weight-400 title-scale t-entry-table-typography \"><a href=\"https:\/\/www.regnbue.com.tr\/index.php\/2023\/01\/12\/profesyonel-site-yonetimine-nasil-gecilir\/\" target=\"_self\">Read More<\/a><\/p><\/div><\/div><\/div><\/div><div class=\"tmb tmb-table tmb-table-border tmb-table-border-below tmb-table-border-both tmb-click-row atc-typography-inherit tmb-iso-w4 tmb-iso-h4 tmb-light tmb-overlay-text-anim tmb-content-left tmb-content-last-right tmb-image-anim-magnetic  grid-cat-1 tmb-id-118217 tmb-table-double-h-padding tmb-img-ratio tmb-content-under tmb-media-first tmb-no-bg\" ><a href=\"https:\/\/www.regnbue.com.tr\/index.php\/2023\/01\/12\/profesyonel-yonetim-nedir\/\" class=\"table-click-row\" target=\"_self\"><\/a><div class=\"t-inside animate_when_almost_visible alpha-anim\" data-speed=\"1000\"><div class=\"t-inside-post-table t-entry-text\"><div class=\"uncode-post-table-column post-table-column-1 t-entry t-col-five col-lg-1\"><div class=\"t-entry-visual\"><div class=\"t-entry-visual-tc\"><div class=\"t-entry-visual-cont\"><div class=\"dummy\" style=\"padding-top: 66.7%;\"><\/div><a tabindex=\"-1\" href=\"https:\/\/www.regnbue.com.tr\/index.php\/2023\/01\/12\/profesyonel-yonetim-nedir\/\" class=\"pushed\" target=\"_self\" data-lb-index=\"2\"><div class=\"t-entry-visual-overlay\"><div class=\"t-entry-visual-overlay-in style-dark-bg\" style=\"opacity: 0.5;\"><\/div><\/div><img decoding=\"async\" class=\"wp-image-118218\" src=\"https:\/\/www.regnbue.com.tr\/wp-content\/uploads\/2023\/01\/Adsiz-tasarim-3-uai-1080x720.png\" width=\"1080\" height=\"720\" alt=\"\" \/><\/a><\/div>\n\t\t\t\t\t<\/div>\n\t\t\t\t<\/div><\/div><div class=\"uncode-post-table-column post-table-column-2 t-entry t-col-one col-lg-5\"><h3 class=\"t-entry-title font-175345 h5 font-weight-400 title-scale\"><a href=\"https:\/\/www.regnbue.com.tr\/index.php\/2023\/01\/12\/profesyonel-yonetim-nedir\/\" target=\"_self\">Mevzuat<\/a><\/h3><\/div><div class=\"uncode-post-table-column post-table-column-3 t-entry t-col-two col-lg-2\"><p class=\"font-175345 h5 font-weight-400 title-scale t-entry-table-typography \">12 Ocak 2023<\/p><\/div><div class=\"uncode-post-table-column post-table-column-4 t-entry t-col-three col-lg-2\"><p class=\"font-175345 h5 font-weight-400 title-scale t-entry-table-typography \"><span class=\"t-entry-table-category t-entry-tax\"><a class=\"\" href=\"https:\/\/www.regnbue.com.tr\/index.php\/category\/genel\/\">Genel<\/a><\/span><\/p><\/div><div class=\"uncode-post-table-column post-table-column-5 t-entry t-col-four col-lg-2\"><p class=\"font-175345 h5 font-weight-400 title-scale t-entry-table-typography \"><a href=\"https:\/\/www.regnbue.com.tr\/index.php\/2023\/01\/12\/profesyonel-yonetim-nedir\/\" target=\"_self\">Read More<\/a><\/p><\/div><\/div><\/div><\/div><div class=\"tmb tmb-table tmb-table-border tmb-table-border-below tmb-table-border-both tmb-click-row atc-typography-inherit tmb-iso-w4 tmb-iso-h4 tmb-light tmb-overlay-text-anim tmb-content-left tmb-content-last-right tmb-image-anim-magnetic  grid-cat-1 tmb-id-118568 tmb-table-double-h-padding tmb-img-ratio tmb-content-under tmb-media-first tmb-no-bg\" ><a href=\"https:\/\/www.regnbue.com.tr\/index.php\/2021\/05\/18\/kvkk\/\" class=\"table-click-row\" target=\"_self\"><\/a><div class=\"t-inside animate_when_almost_visible alpha-anim\" data-speed=\"1000\"><div class=\"t-inside-post-table t-entry-text\"><div class=\"uncode-post-table-column post-table-column-1 t-entry t-col-five col-lg-1\"><div class=\"t-entry-visual\"><div class=\"t-entry-visual-tc\"><div class=\"t-entry-visual-cont\"><div class=\"dummy\" style=\"padding-top: 66.7%;\"><\/div><a tabindex=\"-1\" href=\"https:\/\/www.regnbue.com.tr\/index.php\/2021\/05\/18\/kvkk\/\" class=\"pushed\" target=\"_self\" data-lb-index=\"3\"><div class=\"t-entry-visual-overlay\"><div class=\"t-entry-visual-overlay-in style-dark-bg\" style=\"opacity: 0.5;\"><\/div><\/div><img decoding=\"async\" class=\"wp-image-118569\" src=\"https:\/\/www.regnbue.com.tr\/wp-content\/uploads\/2023\/05\/Adsiz-tasarim-uai-1080x720.png\" width=\"1080\" height=\"720\" alt=\"\" \/><\/a><\/div>\n\t\t\t\t\t<\/div>\n\t\t\t\t<\/div><\/div><div class=\"uncode-post-table-column post-table-column-2 t-entry t-col-one col-lg-5\"><h3 class=\"t-entry-title font-175345 h5 font-weight-400 title-scale\"><a href=\"https:\/\/www.regnbue.com.tr\/index.php\/2021\/05\/18\/kvkk\/\" target=\"_self\">KVKK<\/a><\/h3><\/div><div class=\"uncode-post-table-column post-table-column-3 t-entry t-col-two col-lg-2\"><p class=\"font-175345 h5 font-weight-400 title-scale t-entry-table-typography \">18 May\u0131s 2021<\/p><\/div><div class=\"uncode-post-table-column post-table-column-4 t-entry t-col-three col-lg-2\"><p class=\"font-175345 h5 font-weight-400 title-scale t-entry-table-typography \"><span class=\"t-entry-table-category t-entry-tax\"><a class=\"\" href=\"https:\/\/www.regnbue.com.tr\/index.php\/category\/genel\/\">Genel<\/a><\/span><\/p><\/div><div class=\"uncode-post-table-column post-table-column-5 t-entry t-col-four col-lg-2\"><p class=\"font-175345 h5 font-weight-400 title-scale t-entry-table-typography \"><a href=\"https:\/\/www.regnbue.com.tr\/index.php\/2021\/05\/18\/kvkk\/\" target=\"_self\">Read More<\/a><\/p><\/div><\/div><\/div><\/div>\t\t\n\t\n\n\t\t\t\t<\/div>\n<\/div><\/div><\/div><\/div><\/div><script id=\"script-row-unique-0\" data-row=\"script-row-unique-0\" type=\"text\/javascript\" class=\"vc_controls\">UNCODE.initRow(document.getElementById(\"row-unique-0\"));<\/script><\/div><\/div><\/div>\n","protected":false},"excerpt":{"rendered":"K\u0130\u015e\u0130SEL VER\u0130LER\u0130N KORUNMASI KANUNU Kanun Numaras\u0131 : 6698 Kabul Tarihi : 24\/3\/2016 Yay\u0131mland\u0131\u011f\u0131 Resm\u00ee Gazete : Tarih : 7\/4\/2016 Say\u0131 [...]","protected":false},"author":1,"featured_media":0,"parent":36645,"menu_order":0,"comment_status":"closed","ping_status":"closed","template":"","meta":{"footnotes":""},"class_list":["post-101297","page","type-page","status-publish","hentry"],"_links":{"self":[{"href":"https:\/\/www.regnbue.com.tr\/index.php\/wp-json\/wp\/v2\/pages\/101297","targetHints":{"allow":["GET"]}}],"collection":[{"href":"https:\/\/www.regnbue.com.tr\/index.php\/wp-json\/wp\/v2\/pages"}],"about":[{"href":"https:\/\/www.regnbue.com.tr\/index.php\/wp-json\/wp\/v2\/types\/page"}],"author":[{"embeddable":true,"href":"https:\/\/www.regnbue.com.tr\/index.php\/wp-json\/wp\/v2\/users\/1"}],"replies":[{"embeddable":true,"href":"https:\/\/www.regnbue.com.tr\/index.php\/wp-json\/wp\/v2\/comments?post=101297"}],"version-history":[{"count":0,"href":"https:\/\/www.regnbue.com.tr\/index.php\/wp-json\/wp\/v2\/pages\/101297\/revisions"}],"up":[{"embeddable":true,"href":"https:\/\/www.regnbue.com.tr\/index.php\/wp-json\/wp\/v2\/pages\/36645"}],"wp:attachment":[{"href":"https:\/\/www.regnbue.com.tr\/index.php\/wp-json\/wp\/v2\/media?parent=101297"}],"curies":[{"name":"wp","href":"https:\/\/api.w.org\/{rel}","templated":true}]}}